12 and 74769668.
4
What is the highest common divisor of 686384021 and 83?
83
Calculate the highest common factor of 72 and 89421336.
72
What is the highest common factor of 3685 and 60995?
55
What is the highest common factor of 322 and 36847495?
23
Calculate the highest common factor of 2128805993 and 71.
71
What is the greatest common divisor of 204 and 187273989?
51
What is the highest common factor of 8235607 and 418?
19
Calculate the greatest common factor of 34 and 120731008.
34
What is the highest common divisor of 21550 and 61981248?
862
What is the highest common divisor of 39832 and 109772?
52
Calculate the highest common divisor of 12 and 88943604.
12
Calculate the highest common factor of 12864 and 5998912.
4288
What is the greatest common divisor of 100880 and 8060?
260
Calculate the greatest common divisor of 203 and 88613.
7
What is the highest common divisor of 42 and 76053822?
6
What is the greatest common factor of 91091 and 5098401?
539
Calculate the greatest common factor of 140699 and 4106973.
1027
What is the greatest common factor of 18 and 90682632?
18
What is the greatest common divisor of 10028832 and 3520?
352
What is the highest common factor of 1208159371 and 249?
83
Calculate the greatest common factor of 37719 and 3773297.
1397
What is the highest common divisor of 1922 and 30584786?
1922
Calculate the greatest common divisor of 339187827 and 13288.
1661
Calculate the greatest common divisor of 6984987 and 2.
1
What is the highest common factor of 12 and 1076268?
12
Calculate the highest common factor of 646 and 4082278.
34
What is the greatest common divisor of 136881 and 5306199?
201
What is the greatest common divisor of 54 and 81381342?
6
What is the greatest common factor of 173394 and 29153514?
1014
What is the greatest common factor of 21470488 and 8?
8
What is the highest common divisor of 3155 and 6797132?
631
What is the greatest common divisor of 10509584 and 60816?
2896
What is the highest common factor of 46599 and 35821?
317
What is the greatest common divisor of 131117952 and 21504?
2688
Calculate the greatest common factor of 42 and 8194098.
6
What is the greatest common divisor of 1191102 and 14223?
33
What is the greatest common divisor of 6534965 and 10?
5
Calculate the greatest common divisor of 50542 and 797744.
1366
Calculate the highest common divisor of 6370926695 and 35.
35
What is the greatest common factor of 462477084 and 1578?
1578
Calculate the highest common divisor of 355343560 and 10439.
10439
What is the highest common factor of 483402931 and 4207?
601
What is the highest common factor of 11468 and 1504?
188
What is the highest common factor of 10830 and 446630?
10
Calculate the greatest common divisor of 2714440 and 2280.
40
What is the greatest common factor of 11045 and 149237831?
2209
Calculate the greatest common divisor of 1193121938 and 956.
478
What is the highest common divisor of 18837 and 128800?
161
Calculate the greatest common factor of 2667 and 13421233.
889
What is the greatest common factor of 1860 and 18076860?
60
What is the highest common divisor of 53630660 and 20?
20
Calculate the highest common factor of 16512 and 58580448.
4128
What is the highest common factor of 383390724 and 53647?
4877
Calculate the greatest common factor of 10490832 and 2085171.
5907
What is the highest common divisor of 18630 and 222295?
115
Calculate the greatest common divisor of 426 and 5554122.
6
What is the greatest common factor of 1175577 and 132489?
2103
What is the highest common divisor of 2218280 and 22120?
40
Calculate the highest common divisor of 35369545 and 1577.
19
What is the highest common divisor of 2965681600 and 11200?
11200
What is the greatest common factor of 24522397 and 50247?
1861
What is the greatest common factor of 17299204 and 24376?
1108
Calculate the greatest common divisor of 27 and 16308027.
27
What is the highest common factor of 8331508 and 37766?
1642
What is the greatest common divisor of 798008196 and 232?
116
What is the greatest common factor of 10298023 and 5793?
1931
What is the greatest common divisor of 72 and 11935176?
24
Calculate the highest common factor of 3202983 and 7290.
243
What is the highest common divisor of 298300 and 8436?
76
What is the greatest common factor of 567891516 and 4008?
2004
Calculate the greatest common factor of 4397132 and 105374.
1786
What is the highest common factor of 14892586 and 124?
62
What is the greatest common factor of 293227 and 136091?
1403
Calculate the greatest common divisor of 19898957 and 104.
13
Calculate the greatest common factor of 3081 and 17349111.
3081
What is the highest common divisor of 43156045 and 3?
1
Calculate the highest common factor of 696586 and 7414.
22
What is the greatest common factor of 234855 and 2067948?
153
What is the greatest common factor of 6355 and 141696?
41
Calculate the highest common factor of 318 and 2697806.
106
What is the highest common factor of 6751341 and 1854?
927
Calculate the greatest common divisor of 60424 and 398944.
728
Calculate the highest common divisor of 600282 and 16326.
18
What is the greatest common divisor of 20236907 and 3383?
199
What is the highest common divisor of 9333 and 6236640?
549
Calculate the greatest common factor of 304175 and 95749.
529
What is the highest common factor of 212874 and 3366?
102
Calculate the greatest common factor of 141213492 and 238.
238
What is the greatest common factor of 96045 and 52725?
285
Calculate the highest common divisor of 99 and 877377.
3
What is the greatest common factor of 2173008 and 162?
6
Calculate the highest common factor of 13396617 and 14040.
351
Calculate the greatest common divisor of 3926032 and 704.
176
What is the highest common factor of 42506618 and 2096?
262
Calculate the highest common factor of 61681555 and 1625.
65
Calculate the highest common divisor of 128486504 and 16.
8
What is the greatest common factor of 810 and 25104120?
30
What is the greatest common divisor of 19823 and 2493613?
43
What is the highest common divisor of 1207272 and 6952?
88
What is the greatest common factor of 125073 and 5239?
13
Calculate the highest common factor of 22 and 86044.
2
Calculate the greatest common divisor of 9849 and 6306153.
147
Calculate the highest common divisor of 88 and 5090195.
11
What is the greatest common divisor of 47989728 and 1296?
144
What is the greatest common factor of 14467 and 1004479?
391
What is the greatest common factor of 242724696 and 8744?
8744
Calculate the greatest common divisor of 70680 and 23684640.
2280
What is the highest common divisor of 277293172 and 19370?
3874
Calculate the greatest common factor of 9 and 813002157.
9
Calculate the greatest common divisor of 4172329 and 602.
7
Calculate the greatest common divisor of 14170796 and 13262.
698
What is the highest common divisor of 1524 and 11081766?
762
What is the highest common divisor of 5058 and 3458?
2
What is the greatest common divisor of 352 and 2149984?
32
What is the greatest common factor of 50134 and 301291016?
7162
Calculate the highest common factor of 45788350 and 10100.
5050
Calculate the highest common divisor of 406 and 5682971.
7
What is the highest common factor of 37776 and 428304?
48
Calculate the highest common factor of 363354 and 15042.
138
Calculate the greatest common divisor of 665 and 23062599.
133
What is the greatest common divisor of 57960 and 1526924?
644
What is the greatest common divisor of 836944 and 848528?
2896
Calculate the greatest common factor of 92 and 367140.
4
Calculate the highest common factor of 119970 and 2930895.
1395
Calculate the highest common factor of 319912180 and 1960.
980
What is the greatest common factor of 915 and 240030?
15
Calculate the greatest common divisor of 501519430 and 1342.
122
Calculate the greatest common divisor of 3850 and 3508225.
175
What is the highest common factor of 2431689 and 39?
39
Calculate the greatest common divisor of 2401676 and 25232.
76
What is the highest common factor of 3728540 and 180?
20
Calculate the highest common divisor of 36 and 51964767.
9
Calculate the greatest common factor of 994 and 8254274.
14
Calculate the greatest common divisor of 2849 and 561771.
259
Calculate the highest co